, -281 = -y + 3*z. List the prime factors of y.
2, 139
What are the prime factors of -2*(-3)/(-9)*(-1314)/4?
3, 73
Suppose -m + 2*b = -105, -4*m = -4*b - 179 - 225. Let o = -26 + m. Suppose -6*k + 43 + o = 0. List the prime factors of k.
19
Let w(d) = 1013*d**2 + 3*d + 2. Let k be w(-1). Suppose k = 5*f + 3*u, 0*f + 4*f + u = 804. What are the prime factors of f?
2, 5
Suppose 10 + 10 = 5*l + 5*o, 4*o + 29 = 5*l. Suppose -16 = 4*d - l*d. List the prime factors of d.
2
Suppose 4*t + 3*k - 2714 = 0, -4*k = -4*t - 0*t + 2728. Suppose -5*z = -3*u - t, -6*u + 389 = 3*z - 4*u. What are the prime factors of z?
7, 19
Let p(g) be the second derivative of -5*g + 3*g**2 - 1/6*g**3 + 0. List the prime factors of p(-5).
11
Suppose 411075 = 69*m + 12*m. List the prime factors of m.
5, 7, 29
Suppose 4*y - 8940 = -3*r + 2*r, 0 = y + 5*r - 2235. What are the prime factors of y?
3, 5, 149
Suppose 0 = 4*h - 4*p - 3272, 26*h - 27*h - 3*p + 798 = 0. List the prime factors of h.
3, 271
Suppose 3*z + 2*p - 48 = z, -3*z = 5*p - 82. Let f = z + -29. What are the prime factors of ((-20)/6)/(f/30)?
2, 5
Let m be 12 - (-1 + (7 - 4)). Suppose -m - 14 = f. Let b = 4 - f. List the prime factors of b.
2, 7
Let k = 1790 + -1277. What are the prime factors of k?
3, 19
Suppose 0 = -2*o - v - 40, 2*o = 4*o + 2*v + 36. Let b = o + 27. Suppose b*i = 3*i + 74. List the prime factors of i.
37
Suppose -9374 = -14*b - 2808. What are the prime factors of b?
7, 67
Let r = -323 + 2295. List the prime factors of r.
2, 17, 29
Suppose -58788 = -125*t + 107*t. List the prime factors of t.
2, 23, 71
Suppose 277 = 19*t - 559. Let j = t - 21. List the prime factors of j.
23
Suppose 16 = 5*s + w - 1, 3*s + 4*w - 17 = 0. Suppose 9 = -s*z + 6*z, -z - 307 = -5*q. List the prime factors of q.
2, 31
Let z(k) = k**3 - 6*k**2 + 5*k + 4. Let j be z(5). Suppose 0 = -f - j*f. Suppose -3*u + 18 + 12 = f. List the prime factors of u.
2, 5
Suppose 3 = 4*x + x + m, -4*x = 4*m + 4. Let o(d) = -11*d - 1 - x - 3 + 14*d. List the prime factors of o(11).
2, 7
Suppose 2 = -2*c - 5*o, -4*c + 5*c + 5*o = -6. Suppose c*u + 5*l - 4 = 34, -50 = -4*u + l. List the prime factors of u.
2, 3
Suppose 4 = -k, -14*r + 2*k = -12*r - 1076. What are the prime factors of r?
2, 3, 89
Let a be (-3 - -7)*(2 - 1). Suppose 0*b - 3*n = -b + 3, -4*b + a*n = -12. Suppose 0 = -5*q - b*f + 156, f + 2 + 56 = 2*q. What are the prime factors of q?
2, 3, 5
Suppose -75 = -2*v - 3*v. Let q = v - 10. Suppose q*l - 12 = -2. List the prime factors of l.
2
Let c = -12 + 14. Suppose -2*y - 3*p = p - 8, 2*y = -p + c. Suppose y = -0*x - 3*x + 12. List the prime factors of x.
2
List the prime factors of (11247/6)/1 + (-4)/(-8).
3, 5
Let z be 4*(-167)/(-6) - (-4)/6. Suppose 4*q - z = 232. List the prime factors of q.
2, 43
Let y(n) = -6*n - 21*n - 57*n + 6. What are the prime factors of y(-1)?
2, 3, 5
Let l(i) = -i + 2. Let h be l(1). Let c(x) = 19*x**2 + x. Let v be c(h). Suppose 88 = 4*t + v. What are the prime factors of t?
17
Suppose -174 = -2*h + 48. Let w = h - -44. What are the prime factors of w?
5, 31
Let y(z) = 4*z**3 - 20*z**2 + 18*z + 72. Let m(k) = 5*k**3 - 19*k**2 + 18*k + 73. Let p(r) = 3*m(r) - 4*y(r). What are the prime factors of p(22)?
19
Suppose 11*d - 11069 = 63. List the prime factors of d.
2, 11, 23
Let c = -1680 - -3658. List the prime factors of c.
2, 23, 43
What are the prime factors of 178 + (-2)/(-2) + (5 - 2)?
2, 7, 13
Let r(w) = -w**3 + 3*w**2 - 3*w + 6. Let v(u) = 3*u**3 - 10*u**2 + 9*u - 17. Let g(c) = -8*r(c) - 3*v(c). Let x = -496 - -501. List the prime factors of g(x).
13
List the prime factors of (-1 + 52/12)*(138 - 12).
2, 3, 5, 7
Let i(y) = -11*y**3 - 4*y. Let g = 48 - 50. What are the prime factors of i(g)?
2, 3
Suppose -f - 5*f - 150 = 0. Let d = f - -9. Let x = d + 18. List the prime factors of x.
2
Suppose 117*q - 120*q = -732. List the prime factors of q.
2, 61
Let m(w) = w**2 + 90. Let j = -53 - -53. List the prime factors of m(j).
2, 3, 5
Let y = 405 - 229. List the prime factors of y.
2, 11
Suppose -7*r = 2*p - 12*r - 878, 0 = -4*p - 3*r + 1756. Suppose 0*b + 3*l = -5*b + p, -5*b = -l - 447. List the prime factors of b.
89
Suppose -4*k + 2*k = -254. List the prime factors of k.
127
Let z(f) = f**2 + 10*f - 1. Let h be z(-9). Let b(k) = k**3 + 11*k**2 - k + 10. List the prime factors of b(h).
2, 3, 5
Let i = -4209 + 7634. What are the prime factors of i?
5, 137
Suppose 4*d + 10 = 6*d. Suppose -2*j = -9 + d. Suppose 3*o - 167 + j = 0. List the prime factors of o.
5, 11
Suppose 4*m + 84 = 5*l - l, 4*l - 81 = 3*m. Let y = l + -20. What are the prime factors of (3/y)/(3/(-66))?
3, 11
Let c = -17 + 18. Let z be 0/(-5) - (-1 + c). Suppose 0 = -z*x + 2*x - 44. List the prime factors of x.
2, 11
Let p be -5 + -5 + 1 + 11. Suppose 10 = 4*r - p*r, -4*b = -4*r - 848. List the prime factors of b.
7, 31
Let n be 528/(-77)*(-1 + 8). Let w = n - -108. What are the prime factors of w?
2, 3, 5
Suppose 143 = 5*i - 117. Suppose -5*a = -a - i. Let k = -5 + a. List the prime factors of k.
2
Let r be -2 + 3 - (37 + 9). List the prime factors of 1*4/(-6)*r.
2, 3, 5
Let c = 43 + -8. Let q = 59 - c. What are the prime factors of q?
2, 3
Let k(i) = i**2 - 9*i + 5. Let l = -2 - -11. Let h be k(l). Suppose 0 = h*o - o - 108. List the prime factors of o.
3
Suppose -4*w - 4 = -5*m, 3*w + 2 = -4*m - 1. Suppose m = -0*g - 3*g + 99. Let x = g - 6. What are the prime factors of x?
3
Let d be (-2 + 9 + -4)/((-2)/(-10)). Suppose 17*j = d*j + 706. What are the prime factors of j?
353
Suppose -379 - 1736 = -3*w. What are the prime factors of w?
3, 5, 47
Suppose -m + 12 = -2*w, -m + 4*w + w + 21 = 0. List the prime factors of ((-142)/m)/(1/(-3)).
71
Let f = 48 + -46. Suppose 8 = f*q + 3*s, -4 = -2*q + s + 20. List the prime factors of q.
2, 5
Let m(h) = -5*h**3 + 24*h**2 - 32*h - 32. Let n(r) = -14*r**3 + 72*r**2 - 95*r - 96. Let f(o) = 11*m(o) - 4*n(o). List the prime factors of f(23).
3, 7
Suppose -4*a - 62 + 9 = 3*t, -43 = 5*a - 4*t. Let d(w) = -13*w - 12. List the prime factors of d(a).
131
Let t(n) = -n**2 - 4*n + 5. Let y be t(-4). Suppose 5*s + 2*z - 390 = 0, 5*s + y*z = 4*z + 390. Let m = 136 - s. What are the prime factors of m?
2, 29
Suppose -9*h + 4*h + 100 = 0. Let q be 4/(-10) - 92/h. Let p(y) = -5*y + 4. What are the prime factors of p(q)?
29
Suppose -10*w + 14*w - 2098 = -5*p, -2*w = -4. What are the prime factors of p?
2, 11, 19
Suppose -5*t + 10*t = -2*c + 987, 2*c - 4*t - 1014 = 0. What are the prime factors of c?
3, 167
Let u(z) = 2*z - 4. Let h be u(3). Suppose i = -h*i + 177. Let m = 99 - i. What are the prime factors of m?
2, 5
Let b(a) = -a**3 - 21*a**2 - 70*a - 80. List the prime factors of b(-21).
2, 5, 139
Let m be 3*-1*((-120)/(-18) + -6). List the prime factors of 70/4 - 1/m.
2, 3
Suppose -2*t + 4 = 0, 8 + 0 = 2*u - 2*t. Let p(b) = b**2 + 5*b + 7. Let h(k) = 3*k**2 + 9*k + 14. Let i(r) = -2*h(r) + 5*p(r). List the prime factors of i(u).
13
Suppose -784 = -13*d + 11*d. What are the prime factors of d?
2, 7
List the prime factors of ((-27438)/255)/((-2)/5).
269
Let o be (39/52)/((-1)/(-4)). Suppose o*s + 204 = 7*s. What are the prime factors of s?
3, 17
Suppose -4*y + 7*y = 6. Let n = 43 + -26. Suppose -p = -y*p + n. List the prime factors of p.
17
Suppose h + 1661 = 4*d, -2*h + 2060 = 5*d - 0*h. What are the prime factors of d?
2, 3, 23
List the prime factors of 15912/36 + (1 - 0).
443
Let w(d) be the second derivative of d**3 - 12*d**2 + 9*d. What are the prime factors of w(11)?
2, 3, 7
List the prime factors of 235 - (-8)/(-6)*(-3)/(-4).
2, 3, 13
Suppose 2*m = 5*b + 30, 7*b - 3*b + 26 = 2*m. Suppose -l - 280 = -m*l. What are the prime factors of l?
2, 5, 7
Suppose -16 = -g - 2*n, 5 = 4*n - 3*n. List the prime factors of (-2 + -192)/(-2) + g/(-2).
2, 47
Suppose -10 = -9*o + 17. Suppose 0 = -m - o*m - 4*j + 432, -m - 3*j + 100 = 0. List the prime factors of m.
2, 7
Let t(z) = -z**2 - 7*z + 151. What are the prime factors of t(0)?
151
Suppose 3964 = 5*p + 4*n - 5401, 5*n - 5632 = -3*p. Suppose -o = 6*o - p. List the prime factors of o.
3, 89
Let p(w) = w**3 + 11*w**2 - 11*w + 16. Let r be ((-12)/16)/(2/32). Let i be p(r). Let o = 6 - i. List the prime factors of o.
2
Suppose 0 = -58*x + 10*x + 8160. List the prime facto